{"id":2787,"date":"2023-03-20T19:22:09","date_gmt":"2023-03-20T18:22:09","guid":{"rendered":"http:\/\/www.ckis-ziemowit.pl\/?page_id=2787"},"modified":"2023-03-20T19:36:15","modified_gmt":"2023-03-20T18:36:15","slug":"zespoly-2","status":"publish","type":"page","link":"https:\/\/www.ckis-ziemowit.pl\/index.php\/zespoly-2\/","title":{"rendered":"ZESPO\u0141Y"},"content":{"rendered":"\t\t<div data-elementor-type=\"wp-page\" data-elementor-id=\"2787\" class=\"elementor elementor-2787\">\n\t\t\t\t\t\t<section class=\"elementor-section elementor-top-section elementor-element elementor-element-32fca54 elementor-section-boxed elementor-section-height-default elementor-section-height-default\" data-id=\"32fca54\" data-element_type=\"section\" data-e-type=\"section\">\n\t\t\t\t\t\t<div class=\"elementor-container elementor-column-gap-default\">\n\t\t\t\t\t<div class=\"elementor-column elementor-col-100 elementor-top-column elementor-element elementor-element-38154cb\" data-id=\"38154cb\" data-element_type=\"column\" data-e-type=\"column\">\n\t\t\t<div class=\"elementor-widget-wrap elementor-element-populated\">\n\t\t\t\t\t\t<div class=\"elementor-element elementor-element-9914441 elementor-widget elementor-widget-heading\" data-id=\"9914441\" data-element_type=\"widget\" data-e-type=\"widget\" data-widget_type=\"heading.default\">\n\t\t\t\t<div class=\"elementor-widget-container\">\n\t\t\t\t\t<h2 class=\"elementor-heading-title elementor-size-xxl\">CORAL<\/h2>\t\t\t\t<\/div>\n\t\t\t\t<\/div>\n\t\t\t\t\t<\/div>\n\t\t<\/div>\n\t\t\t\t\t<\/div>\n\t\t<\/section>\n\t\t\t\t<section class=\"elementor-section elementor-top-section elementor-element elementor-element-200684c elementor-section-boxed elementor-section-height-default elementor-section-height-default\" data-id=\"200684c\" data-element_type=\"section\" data-e-type=\"section\">\n\t\t\t\t\t\t<div class=\"elementor-container elementor-column-gap-default\">\n\t\t\t\t\t<div class=\"elementor-column elementor-col-100 elementor-top-column elementor-element elementor-element-acc184a\" data-id=\"acc184a\" data-element_type=\"column\" data-e-type=\"column\">\n\t\t\t<div class=\"elementor-widget-wrap elementor-element-populated\">\n\t\t\t\t\t\t<div class=\"elementor-element elementor-element-bc72554 elementor-widget elementor-widget-text-editor\" data-id=\"bc72554\" data-element_type=\"widget\" data-e-type=\"widget\" data-widget_type=\"text-editor.default\">\n\t\t\t\t<div class=\"elementor-widget-container\">\n\t\t\t\t\t\t\t\t\t<p style=\"text-align: center;\"><span style=\"font-size: 14pt;\">Zesp\u00f3\u0142 CORAL powsta\u0142 w 2001r. Od pocz\u0105tku trzon programu stanowi\u0142 repertuar polskich grup rockowych, kt\u00f3rego tre\u015b\u0107 wype\u0142nia\u0142 \u0142adunek emocji lat, w kt\u00f3rych by\u0142 tworzony. Polska muzyka rockowa powstaj\u0105c od lat 70-tych ograniczona ramami historii nabiera\u0142a specyficznego brzmienia, a w po\u0142\u0105czeniu z trafnymi tekstami stworzy\u0142a fenomen, kt\u00f3ry od dziesi\u0105tk\u00f3w lat zostaje w g\u0142owach i na ustach oddanych fan\u00f3w.<\/span><\/p><p style=\"text-align: center;\"><span style=\"font-size: 14pt;\">Od pocz\u0105tku swojego istnienia zesp\u00f3l zagra\u0142 wiele koncert\u00f3w w ca\u0142ym kraju, kt\u00f3re potwierdzi\u0142y, \u017ce polski rock jest ponadczasowy. CORAL rewelacyjnie sprawdza si\u0119 jako support\u00a0 najwi\u0119kszych gwiazd polskiej sceny rockowej (by\u0142 rozgrzewaczem publiczno\u015bci przed takimi grupami jak: Perfect, Lady Pank, D\u017cem, Golec uOrkiestra, Wilki, Oddzia\u0142 Zamkni\u0119ty, Wilki, Big Cyc, Formacja Nie\u017cywych Schabuff i wielu innych).<\/span><\/p><p style=\"text-align: center;\"><span style=\"font-size: 14pt;\">Zagranymi do tej pory koncertami CORAL\u00a0 udowodni\u0142,\u00a0 \u017ce jest zespo\u0142em kt\u00f3rego warto pos\u0142ucha\u0107.\u00a0<\/span><span style=\"font-size: 14pt; color: var( --e-global-color-text ); font-family: var( --e-global-typography-text-font-family ), Sans-serif; font-weight: var( --e-global-typography-text-font-weight ); background-color: inherit;\">Ka\u017cdy koncert zespo\u0142u CORAL jest zabraniem s\u0142uchacza w ciekaw\u0105 podr\u00f3\u017c opowiadaj\u0105c\u0105 o tym jak by\u0142o kiedy\u015b, nieco p\u00f3\u017aniej i jak jest teraz.<\/span><\/p><p style=\"text-align: center;\"><span style=\"color: var( --e-global-color-text ); font-family: var( --e-global-typography-text-font-family ), Sans-serif; font-weight: var( --e-global-typography-text-font-weight ); font-size: 14pt; background-color: inherit; text-align: inherit;\">Repertuar grupy CORAL\u00a0 obejmuje wybrane utwory takich zespo\u0142\u00f3w jak:<br \/><\/span><span style=\"background-color: inherit; color: var( --e-global-color-text ); font-family: var( --e-global-typography-text-font-family ), Sans-serif; font-size: 14pt; font-weight: var( --e-global-typography-text-font-weight );\">Perfect,<br \/><\/span><span style=\"font-size: 14pt; color: var( --e-global-color-text ); font-family: var( --e-global-typography-text-font-family ), Sans-serif; font-weight: var( --e-global-typography-text-font-weight ); background-color: inherit;\">D\u017cem,<br \/><\/span><span style=\"font-size: 14pt; color: var( --e-global-color-text ); font-family: var( --e-global-typography-text-font-family ), Sans-serif; font-weight: var( --e-global-typography-text-font-weight ); background-color: inherit;\">Lady Pank,<br \/><\/span><span style=\"font-size: 14pt; color: var( --e-global-color-text ); font-family: var( --e-global-typography-text-font-family ), Sans-serif; font-weight: var( --e-global-typography-text-font-weight ); background-color: inherit;\">Wilki,<br \/><\/span><span style=\"font-size: 14pt; color: var( --e-global-color-text ); font-family: var( --e-global-typography-text-font-family ), Sans-serif; font-weight: var( --e-global-typography-text-font-weight ); background-color: inherit;\">IRA,<br \/><\/span><span style=\"font-size: 14pt; color: var( --e-global-color-text ); font-family: var( --e-global-typography-text-font-family ), Sans-serif; font-weight: var( --e-global-typography-text-font-weight ); background-color: inherit;\">Oddzial Zamkni\u0119ty,<br \/><\/span><span style=\"font-size: 14pt; color: var( --e-global-color-text ); font-family: var( --e-global-typography-text-font-family ), Sans-serif; font-weight: var( --e-global-typography-text-font-weight ); background-color: inherit;\">Piersi,<br \/><\/span><span style=\"font-size: 14pt; color: var( --e-global-color-text ); font-family: var( --e-global-typography-text-font-family ), Sans-serif; font-weight: var( --e-global-typography-text-font-weight ); background-color: inherit;\">Zdrowa Woda,<br \/><\/span><span style=\"font-size: 14pt; color: var( --e-global-color-text ); font-family: var( --e-global-typography-text-font-family ), Sans-serif; font-weight: var( --e-global-typography-text-font-weight ); background-color: inherit;\">Emigranci,<br \/><\/span><span style=\"font-size: 14pt; color: var( --e-global-color-text ); font-family: var( --e-global-typography-text-font-family ), Sans-serif; font-weight: var( --e-global-typography-text-font-weight ); background-color: inherit;\">Kukiz &amp; Borysewicz.<\/span><\/p>\t\t\t\t\t\t\t\t<\/div>\n\t\t\t\t<\/div>\n\t\t\t\t\t<\/div>\n\t\t<\/div>\n\t\t\t\t\t<\/div>\n\t\t<\/section>\n\t\t\t\t<section class=\"elementor-section elementor-top-section elementor-element elementor-element-75346cf elementor-section-boxed elementor-section-height-default elementor-section-height-default\" data-id=\"75346cf\" data-element_type=\"section\" data-e-type=\"section\">\n\t\t\t\t\t\t<div class=\"elementor-container elementor-column-gap-default\">\n\t\t\t\t\t<div class=\"elementor-column elementor-col-100 elementor-top-column elementor-element elementor-element-356133f\" data-id=\"356133f\" data-element_type=\"column\" data-e-type=\"column\">\n\t\t\t<div class=\"elementor-widget-wrap elementor-element-populated\">\n\t\t\t\t\t\t<div class=\"elementor-element elementor-element-56d6eb2 elementor-widget elementor-widget-video\" data-id=\"56d6eb2\" data-element_type=\"widget\" data-e-type=\"widget\" data-settings=\"{&quot;youtube_url&quot;:&quot;https:\\\/\\\/www.youtube.com\\\/watch?v=U97rwEJPQFA&quot;,&quot;video_type&quot;:&quot;youtube&quot;,&quot;controls&quot;:&quot;yes&quot;}\" data-widget_type=\"video.default\">\n\t\t\t\t<div class=\"elementor-widget-container\">\n\t\t\t\t\t\t\t<div class=\"elementor-wrapper elementor-open-inline\">\n\t\t\t<div class=\"elementor-video\"><\/div>\t\t<\/div>\n\t\t\t\t\t\t<\/div>\n\t\t\t\t<\/div>\n\t\t\t\t\t<\/div>\n\t\t<\/div>\n\t\t\t\t\t<\/div>\n\t\t<\/section>\n\t\t\t\t<section class=\"elementor-section elementor-top-section elementor-element elementor-element-042e4c9 elementor-section-boxed elementor-section-height-default elementor-section-height-default\" data-id=\"042e4c9\" data-element_type=\"section\" data-e-type=\"section\">\n\t\t\t\t\t\t<div class=\"elementor-container elementor-column-gap-default\">\n\t\t\t\t\t<div class=\"elementor-column elementor-col-100 elementor-top-column elementor-element elementor-element-367c9cc\" data-id=\"367c9cc\" data-element_type=\"column\" data-e-type=\"column\">\n\t\t\t<div class=\"elementor-widget-wrap elementor-element-populated\">\n\t\t\t\t\t\t<div class=\"elementor-element elementor-element-89b7f64 elementor-widget-divider--view-line elementor-widget elementor-widget-divider\" data-id=\"89b7f64\" data-element_type=\"widget\" data-e-type=\"widget\" data-widget_type=\"divider.default\">\n\t\t\t\t<div class=\"elementor-widget-container\">\n\t\t\t\t\t\t\t<div class=\"elementor-divider\">\n\t\t\t<span class=\"elementor-divider-separator\">\n\t\t\t\t\t\t<\/span>\n\t\t<\/div>\n\t\t\t\t\t\t<\/div>\n\t\t\t\t<\/div>\n\t\t\t\t\t<\/div>\n\t\t<\/div>\n\t\t\t\t\t<\/div>\n\t\t<\/section>\n\t\t\t\t<section class=\"elementor-section elementor-top-section elementor-element elementor-element-ec70f8a elementor-section-boxed elementor-section-height-default elementor-section-height-default\" data-id=\"ec70f8a\" data-element_type=\"section\" data-e-type=\"section\">\n\t\t\t\t\t\t<div class=\"elementor-container elementor-column-gap-default\">\n\t\t\t\t\t<div class=\"elementor-column elementor-col-100 elementor-top-column elementor-element elementor-element-17ad1b3\" data-id=\"17ad1b3\" data-element_type=\"column\" data-e-type=\"column\">\n\t\t\t<div class=\"elementor-widget-wrap\">\n\t\t\t\t\t\t\t<\/div>\n\t\t<\/div>\n\t\t\t\t\t<\/div>\n\t\t<\/section>\n\t\t\t\t<section class=\"elementor-section elementor-top-section elementor-element elementor-element-e0b3cc9 elementor-section-boxed elementor-section-height-default elementor-section-height-default\" data-id=\"e0b3cc9\" data-element_type=\"section\" data-e-type=\"section\">\n\t\t\t\t\t\t<div class=\"elementor-container elementor-column-gap-default\">\n\t\t\t\t\t<div class=\"elementor-column elementor-col-100 elementor-top-column elementor-element elementor-element-8a2377c\" data-id=\"8a2377c\" data-element_type=\"column\" data-e-type=\"column\">\n\t\t\t<div class=\"elementor-widget-wrap elementor-element-populated\">\n\t\t\t\t\t\t<div class=\"elementor-element elementor-element-2ffa1d1 elementor-widget elementor-widget-heading\" data-id=\"2ffa1d1\" data-element_type=\"widget\" data-e-type=\"widget\" data-widget_type=\"heading.default\">\n\t\t\t\t<div class=\"elementor-widget-container\">\n\t\t\t\t\t<h2 class=\"elementor-heading-title elementor-size-xxl\">SHANPS GATE<\/h2>\t\t\t\t<\/div>\n\t\t\t\t<\/div>\n\t\t\t\t\t<\/div>\n\t\t<\/div>\n\t\t\t\t\t<\/div>\n\t\t<\/section>\n\t\t\t\t<section class=\"elementor-section elementor-top-section elementor-element elementor-element-0c8bd0e elementor-section-boxed elementor-section-height-default elementor-section-height-default\" data-id=\"0c8bd0e\" data-element_type=\"section\" data-e-type=\"section\">\n\t\t\t\t\t\t<div class=\"elementor-container elementor-column-gap-default\">\n\t\t\t\t\t<div class=\"elementor-column elementor-col-100 elementor-top-column elementor-element elementor-element-a3c6fb0\" data-id=\"a3c6fb0\" data-element_type=\"column\" data-e-type=\"column\">\n\t\t\t<div class=\"elementor-widget-wrap elementor-element-populated\">\n\t\t\t\t\t\t<div class=\"elementor-element elementor-element-c978572 elementor-widget elementor-widget-text-editor\" data-id=\"c978572\" data-element_type=\"widget\" data-e-type=\"widget\" data-widget_type=\"text-editor.default\">\n\t\t\t\t<div class=\"elementor-widget-container\">\n\t\t\t\t\t\t\t\t\t<p style=\"text-align: center;\">Pocz\u0105tki kapeli to 1992 rok. Nazwa Shnaps Gate wywodzi si\u0119 z tytu\u0142\u00f3w prasowych zwi\u0105zanych z jedn\u0105 z pierwszych afer w Polsce od 1989 roku, dotycz\u0105c\u0105 dzia\u0142alno\u015bci by\u0142ych ministr\u00f3w rz\u0105du Mieczys\u0142awa Rakowskiego oraz pracownik\u00f3w G\u0142\u00f3wnego Urz\u0119du Ce\u0142, zwi\u0105zanej z nieprawid\u0142owo\u015bciami przy imporcie napoj\u00f3w alkoholowych.<\/p><p style=\"text-align: center;\">W sk\u0142ad grupy weszli gitarzy\u015bci Ireneusz Springer, Krzysztof Sza\u0142kowski, Jan Tomaszewski, basista Kazimierz B\u0142aszak oraz perkusista Albert \u017baba Klimiuk (Splin). Muzyk\u0119 tworzyli Ireneusz Springer i Krzysztof Sza\u0142kowski. Starali si\u0119 oni nada\u0107 jednolity charakter tworzonego repertuaru. Trzecia gitara w zespole nale\u017ca\u0142a do Jana Tomaszewskiego. By\u0142a zwi\u0105zana z \u00f3wczesn\u0105 mod\u0105 grania sol\u00f3wek w g\u0142osach.<\/p><p style=\"text-align: center;\">Shnaps Gate Blues s\u0105 zwyci\u0119zcami XVI Inowroc\u0142awskich Spotka\u0144 Artystycznych, wyst\u0119powali m.in. na Blues Meeting w Toruniu, S\u0142ony Blues Festiwal w Inowroc\u0142awiu, koncertowali na jednej scenie z Tadeuszem Nalep\u0105, grup\u0105 D\u017cem, Green Grass, Tortilla Flat, Harlem, Nocn\u0105 Zmian\u0105 Bluesa czy Martyn\u0105 Jakubowicz. W ubieg\u0142ym roku obchodzili 30 lat swojej dzia\u0142alno\u015bci.<\/p>\t\t\t\t\t\t\t\t<\/div>\n\t\t\t\t<\/div>\n\t\t\t\t\t<\/div>\n\t\t<\/div>\n\t\t\t\t\t<\/div>\n\t\t<\/section>\n\t\t\t\t<section class=\"elementor-section elementor-top-section elementor-element elementor-element-b712b37 elementor-section-boxed elementor-section-height-default elementor-section-height-default\" data-id=\"b712b37\" data-element_type=\"section\" data-e-type=\"section\">\n\t\t\t\t\t\t<div class=\"elementor-container elementor-column-gap-default\">\n\t\t\t\t\t<div class=\"elementor-column elementor-col-100 elementor-top-column elementor-element elementor-element-73cc5c1\" data-id=\"73cc5c1\" data-element_type=\"column\" data-e-type=\"column\">\n\t\t\t<div class=\"elementor-widget-wrap elementor-element-populated\">\n\t\t\t\t\t\t<div class=\"elementor-element elementor-element-db86177 elementor-widget elementor-widget-video\" data-id=\"db86177\" data-element_type=\"widget\" data-e-type=\"widget\" data-settings=\"{&quot;youtube_url&quot;:&quot;https:\\\/\\\/www.youtube.com\\\/watch?v=ZfO6vTrWXFo&quot;,&quot;video_type&quot;:&quot;youtube&quot;,&quot;controls&quot;:&quot;yes&quot;}\" data-widget_type=\"video.default\">\n\t\t\t\t<div class=\"elementor-widget-container\">\n\t\t\t\t\t\t\t<div class=\"elementor-wrapper elementor-open-inline\">\n\t\t\t<div class=\"elementor-video\"><\/div>\t\t<\/div>\n\t\t\t\t\t\t<\/div>\n\t\t\t\t<\/div>\n\t\t\t\t\t<\/div>\n\t\t<\/div>\n\t\t\t\t\t<\/div>\n\t\t<\/section>\n\t\t\t\t<section class=\"elementor-section elementor-top-section elementor-element elementor-element-ccec847 elementor-section-boxed elementor-section-height-default elementor-section-height-default\" data-id=\"ccec847\" data-element_type=\"section\" data-e-type=\"section\">\n\t\t\t\t\t\t<div class=\"elementor-container elementor-column-gap-default\">\n\t\t\t\t\t<div class=\"elementor-column elementor-col-100 elementor-top-column elementor-element elementor-element-8bb950c\" data-id=\"8bb950c\" data-element_type=\"column\" data-e-type=\"column\">\n\t\t\t<div class=\"elementor-widget-wrap elementor-element-populated\">\n\t\t\t\t\t\t<div class=\"elementor-element elementor-element-d0b2f65 elementor-widget-divider--view-line elementor-widget elementor-widget-divider\" data-id=\"d0b2f65\" data-element_type=\"widget\" data-e-type=\"widget\" data-widget_type=\"divider.default\">\n\t\t\t\t<div class=\"elementor-widget-container\">\n\t\t\t\t\t\t\t<div class=\"elementor-divider\">\n\t\t\t<span class=\"elementor-divider-separator\">\n\t\t\t\t\t\t<\/span>\n\t\t<\/div>\n\t\t\t\t\t\t<\/div>\n\t\t\t\t<\/div>\n\t\t\t\t\t<\/div>\n\t\t<\/div>\n\t\t\t\t\t<\/div>\n\t\t<\/section>\n\t\t\t\t<section class=\"elementor-section elementor-top-section elementor-element elementor-element-a05d5d6 elementor-section-boxed elementor-section-height-default elementor-section-height-default\" data-id=\"a05d5d6\" data-element_type=\"section\" data-e-type=\"section\">\n\t\t\t\t\t\t<div class=\"elementor-container elementor-column-gap-default\">\n\t\t\t\t\t<div class=\"elementor-column elementor-col-100 elementor-top-column elementor-element elementor-element-9bb72f8\" data-id=\"9bb72f8\" data-element_type=\"column\" data-e-type=\"column\">\n\t\t\t<div class=\"elementor-widget-wrap elementor-element-populated\">\n\t\t\t\t\t\t<div class=\"elementor-element elementor-element-7de399e elementor-widget elementor-widget-heading\" data-id=\"7de399e\" data-element_type=\"widget\" data-e-type=\"widget\" data-widget_type=\"heading.default\">\n\t\t\t\t<div class=\"elementor-widget-container\">\n\t\t\t\t\t<h2 class=\"elementor-heading-title elementor-size-xxl\">UNU<\/h2>\t\t\t\t<\/div>\n\t\t\t\t<\/div>\n\t\t\t\t\t<\/div>\n\t\t<\/div>\n\t\t\t\t\t<\/div>\n\t\t<\/section>\n\t\t\t\t<section class=\"elementor-section elementor-top-section elementor-element elementor-element-8550f6a elementor-section-boxed elementor-section-height-default elementor-section-height-default\" data-id=\"8550f6a\" data-element_type=\"section\" data-e-type=\"section\">\n\t\t\t\t\t\t<div class=\"elementor-container elementor-column-gap-default\">\n\t\t\t\t\t<div class=\"elementor-column elementor-col-100 elementor-top-column elementor-element elementor-element-03bfc1f\" data-id=\"03bfc1f\" data-element_type=\"column\" data-e-type=\"column\">\n\t\t\t<div class=\"elementor-widget-wrap elementor-element-populated\">\n\t\t\t\t\t\t<div class=\"elementor-element elementor-element-448fccf elementor-widget elementor-widget-text-editor\" data-id=\"448fccf\" data-element_type=\"widget\" data-e-type=\"widget\" data-widget_type=\"text-editor.default\">\n\t\t\t\t<div class=\"elementor-widget-container\">\n\t\t\t\t\t\t\t\t\t<p style=\"text-align: center;\">Id\u0105c za g\u0142osem serca, realizacji pasji oraz tropem spe\u0142niania marze\u0144, pi\u0105tka dojrza\u0142ych (nie tylko artystycznie) przyjaci\u00f3\u0142 postanowi\u0142a uczci\u0107 swoich idoli, zak\u0142adaj\u0105c UNU \u2013 grup\u0119 graj\u0105c\u0105 piosenki legendy polskiej estrady, jak\u0105 jest zesp\u00f3\u0142 Perfect. Zadanie z jednej strony mog\u0142oby wydawa\u0107 si\u0119 proste, gdy\u017c te przeboje zna niemal ka\u017cdy Polak. \u017byj\u0105 one w sercach fan\u00f3w rocka, goszcz\u0105 na antenach rozg\u0142o\u015bni radiowych i stacji telewizyjnych, a ponadczasowe teksty ci\u0105gle nie trac\u0105 na aktualno\u015bci. Z drugiej jednak strony, dla \u015bwiadomych, wykszta\u0142conych muzycznie wykonawc\u00f3w, pr\u00f3ba mierzenia si\u0119 z si\u0142\u0105 tak wyj\u0105tkowego zjawiska to wielkie wyzwanie, by z szacunku do kultowego profesjonalizmu oraz mocy przekazu utwor\u00f3w jak najwierniej odda\u0107 charakter wielkich hit\u00f3w, a tak\u017ce klimat minionych czas\u00f3w.<\/p><p style=\"text-align: center;\">Ca\u0142kiem dobrze to wysz\u0142o. Wyj\u0105tkowo\u015bci projektowi nadaje wokalista, kt\u00f3ry w spos\u00f3b naturalny zar\u00f3wno wygl\u0105dem, jak r\u00f3wnie\u017c barw\u0105 g\u0142osu bardzo przypomina Grzegorza Markowskiego \u2013 lidera Perfectu. Grupa \u015bwietnie sprawdza si\u0119 na koncertach plenerowych, imprezach firmowych, eventach, wyst\u0119pach klubowych, itp. Zapewnia profesjonalne, niezapomniane wra\u017cenia muzyczne i emanuj\u0105c\u0105 ze sceny energi\u0119 przenosz\u0105c\u0105 widowni\u0119 do cudownego \u015bwiata wspomnie\u0144, daj\u0105c super zabaw\u0119!<\/p>\t\t\t\t\t\t\t\t<\/div>\n\t\t\t\t<\/div>\n\t\t\t\t\t<\/div>\n\t\t<\/div>\n\t\t\t\t\t<\/div>\n\t\t<\/section>\n\t\t\t\t<section class=\"elementor-section elementor-top-section elementor-element elementor-element-00e525c elementor-section-boxed elementor-section-height-default elementor-section-height-default\" data-id=\"00e525c\" data-element_type=\"section\" data-e-type=\"section\">\n\t\t\t\t\t\t<div class=\"elementor-container elementor-column-gap-default\">\n\t\t\t\t\t<div class=\"elementor-column elementor-col-100 elementor-top-column elementor-element elementor-element-4b2d181\" data-id=\"4b2d181\" data-element_type=\"column\" data-e-type=\"column\">\n\t\t\t<div class=\"elementor-widget-wrap elementor-element-populated\">\n\t\t\t\t\t\t<div class=\"elementor-element elementor-element-887766c elementor-widget elementor-widget-video\" data-id=\"887766c\" data-element_type=\"widget\" data-e-type=\"widget\" data-settings=\"{&quot;youtube_url&quot;:&quot;https:\\\/\\\/www.youtube.com\\\/watch?v=tzLTj01TeMU&quot;,&quot;video_type&quot;:&quot;youtube&quot;,&quot;controls&quot;:&quot;yes&quot;}\" data-widget_type=\"video.default\">\n\t\t\t\t<div class=\"elementor-widget-container\">\n\t\t\t\t\t\t\t<div class=\"elementor-wrapper elementor-open-inline\">\n\t\t\t<div class=\"elementor-video\"><\/div>\t\t<\/div>\n\t\t\t\t\t\t<\/div>\n\t\t\t\t<\/div>\n\t\t\t\t\t<\/div>\n\t\t<\/div>\n\t\t\t\t\t<\/div>\n\t\t<\/section>\n\t\t\t\t<\/div>\n\t\t","protected":false},"excerpt":{"rendered":"<p>CORAL Zesp\u00f3\u0142 CORAL powsta\u0142 w 2001r. Od pocz\u0105tku trzon programu stanowi\u0142 repertuar polskich grup rockowych, kt\u00f3rego tre\u015b\u0107 wype\u0142nia\u0142 \u0142adunek emocji lat, w kt\u00f3rych by\u0142 tworzony. Polska muzyka rockowa powstaj\u0105c od lat 70-tych ograniczona ramami historii nabiera\u0142a specyficznego brzmienia, a w po\u0142\u0105czeniu z trafnymi tekstami stworzy\u0142a fenomen, kt\u00f3ry od dziesi\u0105tk\u00f3w lat zostaje w g\u0142owach i na [&hellip;]<\/p>\n","protected":false},"author":1,"featured_media":0,"parent":0,"menu_order":0,"comment_status":"closed","ping_status":"closed","template":"","meta":{"footnotes":""},"class_list":["post-2787","page","type-page","status-publish","czr-hentry"],"_links":{"self":[{"href":"https:\/\/www.ckis-ziemowit.pl\/index.php\/wp-json\/wp\/v2\/pages\/2787","targetHints":{"allow":["GET"]}}],"collection":[{"href":"https:\/\/www.ckis-ziemowit.pl\/index.php\/wp-json\/wp\/v2\/pages"}],"about":[{"href":"https:\/\/www.ckis-ziemowit.pl\/index.php\/wp-json\/wp\/v2\/types\/page"}],"author":[{"embeddable":true,"href":"https:\/\/www.ckis-ziemowit.pl\/index.php\/wp-json\/wp\/v2\/users\/1"}],"replies":[{"embeddable":true,"href":"https:\/\/www.ckis-ziemowit.pl\/index.php\/wp-json\/wp\/v2\/comments?post=2787"}],"version-history":[{"count":10,"href":"https:\/\/www.ckis-ziemowit.pl\/index.php\/wp-json\/wp\/v2\/pages\/2787\/revisions"}],"predecessor-version":[{"id":2798,"href":"https:\/\/www.ckis-ziemowit.pl\/index.php\/wp-json\/wp\/v2\/pages\/2787\/revisions\/2798"}],"wp:attachment":[{"href":"https:\/\/www.ckis-ziemowit.pl\/index.php\/wp-json\/wp\/v2\/media?parent=2787"}],"curies":[{"name":"wp","href":"https:\/\/api.w.org\/{rel}","templated":true}]}}