{"id":3693,"date":"2024-11-24T12:58:31","date_gmt":"2024-11-24T11:58:31","guid":{"rendered":"http:\/\/www.ckis-ziemowit.pl\/?page_id=3693"},"modified":"2025-11-14T21:09:04","modified_gmt":"2025-11-14T20:09:04","slug":"konkurs-na-najpiekniejsza-ozdobe-swiateczna-na-kruszwicka-choinke","status":"publish","type":"page","link":"https:\/\/www.ckis-ziemowit.pl\/index.php\/konkurs-na-najpiekniejsza-ozdobe-swiateczna-na-kruszwicka-choinke\/","title":{"rendered":"KONKURS NA NAJPI\u0118KNIEJSZ\u0104 OZDOB\u0118 \u015aWI\u0104TECZN\u0104 NA KRUSZWICK\u0104 CHOINK\u0118"},"content":{"rendered":"\t\t<div data-elementor-type=\"wp-page\" data-elementor-id=\"3693\" class=\"elementor elementor-3693\">\n\t\t\t\t\t\t<section class=\"elementor-section elementor-top-section elementor-element elementor-element-820e0b4 elementor-section-boxed elementor-section-height-default elementor-section-height-default\" data-id=\"820e0b4\" data-element_type=\"section\" data-e-type=\"section\">\n\t\t\t\t\t\t<div class=\"elementor-container elementor-column-gap-default\">\n\t\t\t\t\t<div class=\"elementor-column elementor-col-100 elementor-top-column elementor-element elementor-element-6e59052\" data-id=\"6e59052\" data-element_type=\"column\" data-e-type=\"column\">\n\t\t\t<div class=\"elementor-widget-wrap elementor-element-populated\">\n\t\t\t\t\t\t<div class=\"elementor-element elementor-element-fcd1ae4 elementor-widget elementor-widget-image\" data-id=\"fcd1ae4\" data-element_type=\"widget\" data-e-type=\"widget\" data-widget_type=\"image.default\">\n\t\t\t\t<div class=\"elementor-widget-container\">\n\t\t\t\t\t\t\t\t\t\t\t\t\t\t\t<img fetchpriority=\"high\" decoding=\"async\" width=\"768\" height=\"694\" src=\"https:\/\/www.ckis-ziemowit.pl\/wp-content\/uploads\/2025\/11\/plakat-ozoba-1086x1536-1-768x694.png\" class=\"attachment-medium_large size-medium_large wp-image-4299\" alt=\"\" srcset=\"https:\/\/www.ckis-ziemowit.pl\/wp-content\/uploads\/2025\/11\/plakat-ozoba-1086x1536-1-768x694.png 768w, https:\/\/www.ckis-ziemowit.pl\/wp-content\/uploads\/2025\/11\/plakat-ozoba-1086x1536-1-300x271.png 300w, https:\/\/www.ckis-ziemowit.pl\/wp-content\/uploads\/2025\/11\/plakat-ozoba-1086x1536-1-1024x925.png 1024w, https:\/\/www.ckis-ziemowit.pl\/wp-content\/uploads\/2025\/11\/plakat-ozoba-1086x1536-1.png 1086w\" sizes=\"(max-width: 768px) 100vw, 768px\" \/>\t\t\t\t\t\t\t\t\t\t\t\t\t\t\t<\/div>\n\t\t\t\t<\/div>\n\t\t\t\t<div class=\"elementor-element elementor-element-8419aee elementor-widget elementor-widget-text-editor\" data-id=\"8419aee\" data-element_type=\"widget\" data-e-type=\"widget\" data-widget_type=\"text-editor.default\">\n\t\t\t\t<div class=\"elementor-widget-container\">\n\t\t\t\t\t\t\t\t\t<p style=\"text-align: center;\"><strong><span style=\"font-size: 18pt;\">Materia\u0142y do pobrania:<\/span><br \/><\/strong><strong><a href=\"https:\/\/www.ckis-ziemowit.pl\/wp-content\/uploads\/2025\/11\/regulamin-na-ozdoba-swiateczna.pdf\">Regulamin konkursu<\/a><br \/><\/strong><\/p>\t\t\t\t\t\t\t\t<\/div>\n\t\t\t\t<\/div>\n\t\t\t\t\t<\/div>\n\t\t<\/div>\n\t\t\t\t\t<\/div>\n\t\t<\/section>\n\t\t\t\t<\/div>\n\t\t","protected":false},"excerpt":{"rendered":"<p>Materia\u0142y do pobrania:Regulamin konkursu<\/p>\n","protected":false},"author":1,"featured_media":0,"parent":0,"menu_order":0,"comment_status":"closed","ping_status":"closed","template":"","meta":{"footnotes":""},"class_list":["post-3693","page","type-page","status-publish","czr-hentry"],"_links":{"self":[{"href":"https:\/\/www.ckis-ziemowit.pl\/index.php\/wp-json\/wp\/v2\/pages\/3693","targetHints":{"allow":["GET"]}}],"collection":[{"href":"https:\/\/www.ckis-ziemowit.pl\/index.php\/wp-json\/wp\/v2\/pages"}],"about":[{"href":"https:\/\/www.ckis-ziemowit.pl\/index.php\/wp-json\/wp\/v2\/types\/page"}],"author":[{"embeddable":true,"href":"https:\/\/www.ckis-ziemowit.pl\/index.php\/wp-json\/wp\/v2\/users\/1"}],"replies":[{"embeddable":true,"href":"https:\/\/www.ckis-ziemowit.pl\/index.php\/wp-json\/wp\/v2\/comments?post=3693"}],"version-history":[{"count":13,"href":"https:\/\/www.ckis-ziemowit.pl\/index.php\/wp-json\/wp\/v2\/pages\/3693\/revisions"}],"predecessor-version":[{"id":4302,"href":"https:\/\/www.ckis-ziemowit.pl\/index.php\/wp-json\/wp\/v2\/pages\/3693\/revisions\/4302"}],"wp:attachment":[{"href":"https:\/\/www.ckis-ziemowit.pl\/index.php\/wp-json\/wp\/v2\/media?parent=3693"}],"curies":[{"name":"wp","href":"https:\/\/api.w.org\/{rel}","templated":true}]}}