{"id":3750,"date":"2024-12-17T15:44:58","date_gmt":"2024-12-17T14:44:58","guid":{"rendered":"http:\/\/www.ckis-ziemowit.pl\/?page_id=3750"},"modified":"2024-12-17T16:00:22","modified_gmt":"2024-12-17T15:00:22","slug":"edukacja-z-gryzomirem-2","status":"publish","type":"page","link":"https:\/\/www.ckis-ziemowit.pl\/index.php\/edukacja-z-gryzomirem-2\/","title":{"rendered":"EDUKACJA Z GRYZOMIREM"},"content":{"rendered":"\t\t<div data-elementor-type=\"wp-page\" data-elementor-id=\"3750\" class=\"elementor elementor-3750\">\n\t\t\t\t\t\t<section class=\"elementor-section elementor-top-section elementor-element elementor-element-1c8b009 elementor-section-boxed elementor-section-height-default elementor-section-height-default\" data-id=\"1c8b009\" data-element_type=\"section\" data-e-type=\"section\">\n\t\t\t\t\t\t<div class=\"elementor-container elementor-column-gap-default\">\n\t\t\t\t\t<div class=\"elementor-column elementor-col-100 elementor-top-column elementor-element elementor-element-47fa496\" data-id=\"47fa496\" data-element_type=\"column\" data-e-type=\"column\">\n\t\t\t<div class=\"elementor-widget-wrap elementor-element-populated\">\n\t\t\t\t\t\t<div class=\"elementor-element elementor-element-ad7227a elementor-widget elementor-widget-image\" data-id=\"ad7227a\" data-element_type=\"widget\" data-e-type=\"widget\" data-widget_type=\"image.default\">\n\t\t\t\t<div class=\"elementor-widget-container\">\n\t\t\t\t\t\t\t\t\t\t\t\t\t\t\t<img fetchpriority=\"high\" decoding=\"async\" width=\"1024\" height=\"131\" src=\"https:\/\/www.ckis-ziemowit.pl\/wp-content\/uploads\/2024\/12\/kpo_barwy-rp_nextgenerationeu_poziom_zestawienie_podstawowe_-rgb-1024x131.jpg\" class=\"attachment-large size-large wp-image-3720\" alt=\"\" srcset=\"https:\/\/www.ckis-ziemowit.pl\/wp-content\/uploads\/2024\/12\/kpo_barwy-rp_nextgenerationeu_poziom_zestawienie_podstawowe_-rgb-1024x131.jpg 1024w, https:\/\/www.ckis-ziemowit.pl\/wp-content\/uploads\/2024\/12\/kpo_barwy-rp_nextgenerationeu_poziom_zestawienie_podstawowe_-rgb-300x38.jpg 300w, https:\/\/www.ckis-ziemowit.pl\/wp-content\/uploads\/2024\/12\/kpo_barwy-rp_nextgenerationeu_poziom_zestawienie_podstawowe_-rgb-768x98.jpg 768w, https:\/\/www.ckis-ziemowit.pl\/wp-content\/uploads\/2024\/12\/kpo_barwy-rp_nextgenerationeu_poziom_zestawienie_podstawowe_-rgb-1536x197.jpg 1536w, https:\/\/www.ckis-ziemowit.pl\/wp-content\/uploads\/2024\/12\/kpo_barwy-rp_nextgenerationeu_poziom_zestawienie_podstawowe_-rgb-2048x262.jpg 2048w\" sizes=\"(max-width: 1024px) 100vw, 1024px\" \/>\t\t\t\t\t\t\t\t\t\t\t\t\t\t\t<\/div>\n\t\t\t\t<\/div>\n\t\t\t\t<div class=\"elementor-element elementor-element-ffb25a9 elementor-widget elementor-widget-text-editor\" data-id=\"ffb25a9\" data-element_type=\"widget\" data-e-type=\"widget\" data-widget_type=\"text-editor.default\">\n\t\t\t\t<div class=\"elementor-widget-container\">\n\t\t\t\t\t\t\t\t\t<p><strong><u>Nazwa projektu:<\/u><\/strong>\u00a0Edukacja z\u00a0Gryzomirem<\/p><p><strong><u>\u0179r\u00f3d\u0142o finansowania:<\/u><\/strong>\u00a0Krajowy Plan Odbudowy i\u00a0Zwi\u0119kszenia Odporno\u015bci<\/p><p><strong><u>Konkurs:<\/u><\/strong>\u00a0KPO. GRANTY 2024. A2.5.1: Program wspierania dzia\u0142alno\u015bci podmiot\u00f3w<\/p><p>sektora kultury i\u00a0przemys\u0142\u00f3w kreatywnych na\u00a0rzecz stymulowania ich rozwoju.<\/p><p><strong><u>Warto\u015b\u0107 ca\u0142kowita projektu:<\/u><\/strong>\u00a087.450,00z\u0142, w\u00a0tym:<\/p><p><strong><u>\u2013 dofinansowanie:<\/u><\/strong>\u00a060.000,00z\u0142<\/p><p><strong><u>\u2013 wk\u0142ad w\u0142asny:<\/u><\/strong>\u00a027.450,00z\u0142<\/p><p><strong><u>Termin realizacji:<\/u><\/strong>\u00a0do\u00a031.12.2024r.<\/p><p><strong><u>Zakres projektu<\/u><\/strong>:<br \/>Projekt b\u0119dzie obejmowa\u0142 stworzenie oferty edukacyjnej dla najm\u0142odszych w\u00a0innowacyjnej i\u00a0atrakcyjnej formie. Planuje si\u0119 realizacj\u0119 cyklu dw\u00f3ch film\u00f3w oraz\u00a0publikacj\u0119 ilustrowanej ksi\u0105\u017ceczki.<br \/>G\u0142\u00f3wnym bohaterem obu form sztuki wizualnej b\u0119dzie myszka Gryzomirek, kt\u00f3ra\u00a0poprowadzi m\u0142odych czytelnik\u00f3w przez\u00a0fascynuj\u0105c\u0105 histori\u0119 gminy Kruszwica. Zar\u00f3wno filmy jak i\u00a0ksi\u0105\u017cka b\u0119d\u0105 zawiera\u0142y opowie\u015bci o\u00a0przyrodzie, legendzie o\u00a0Popielu, Mysiej Wie\u017cy, historii zamku oraz\u00a0innych wa\u017cnych wydarzeniach i\u00a0postaciach zwi\u0105zanych z\u00a0Kruszwic\u0105. Nie\u00a0zabraknie tak\u017ce edukacji ekologicznej. Gryzomirek w\u00a0swoich opowie\u015bciach w\u00a0przyst\u0119pny spos\u00f3b przeka\u017ce wiedz\u0119 dotycz\u0105c\u0105 dbania o\u00a0ekologi\u0119 i\u00a0otaczaj\u0105ce nas \u015brodowisko. Ksi\u0105\u017ceczka oraz\u00a0filmy b\u0119d\u0105 udost\u0119pnione w\u00a0formie online.<br \/>Ksi\u0105\u017cka b\u0119dzie r\u00f3wnie\u017c w\u00a0formie papierowej.<br \/>W\u00a0ramach projektu zaplanowano r\u00f3wnie\u017c wydarzenie podsumowuj\u0105ce przedsi\u0119wzi\u0119cie, w\u00a0ramach kt\u00f3rego\u00a0odb\u0119dzie si\u0119 premierowy pokaz film\u00f3w oraz\u00a0promocja wydanej ksi\u0105\u017cki.\u00a0W\u00a0wyniku realizacji przedsi\u0119wzi\u0119cia wzmocni si\u0119 pozycja Wnioskodawcy. W\u00a0wyniku dodania nowej oferty zwi\u0119kszy si\u0119 jego odporno\u015b\u0107 na\u00a0kryzysy gospodarcze oraz\u00a0skutkowa\u0107 b\u0119dzie trwa\u0142ym podniesieniem kompetencji cyfrowych i\u00a0ekologicznych. W\u00a0dzisiejszym \u015bwiecie, gdzie konkurencja na\u00a0rynku jest wi\u0119ksza ni\u017c kiedykolwiek, nale\u017cy szuka\u0107 sposob\u00f3w, aby wyr\u00f3\u017cni\u0107 si\u0119 i\u00a0przyci\u0105gn\u0105\u0107 uwag\u0119 odbior\u00f3w, dlatego te\u017c, animacja rysunkowa jawi si\u0119 jako jedno z\u00a0najbardziej przejrzystych i\u00a0efektywnych rozwi\u0105za\u0144.<\/p>\t\t\t\t\t\t\t\t<\/div>\n\t\t\t\t<\/div>\n\t\t\t\t\t<\/div>\n\t\t<\/div>\n\t\t\t\t\t<\/div>\n\t\t<\/section>\n\t\t\t\t<section class=\"elementor-section elementor-top-section elementor-element elementor-element-7596377 elementor-section-boxed elementor-section-height-default elementor-section-height-default\" data-id=\"7596377\" data-element_type=\"section\" data-e-type=\"section\">\n\t\t\t\t\t\t<div class=\"elementor-container elementor-column-gap-default\">\n\t\t\t\t\t<div class=\"elementor-column elementor-col-100 elementor-top-column elementor-element elementor-element-2100c11\" data-id=\"2100c11\" data-element_type=\"column\" data-e-type=\"column\">\n\t\t\t<div class=\"elementor-widget-wrap elementor-element-populated\">\n\t\t\t\t\t\t<div class=\"elementor-element elementor-element-9118ef3 elementor-widget elementor-widget-image\" data-id=\"9118ef3\" data-element_type=\"widget\" data-e-type=\"widget\" data-widget_type=\"image.default\">\n\t\t\t\t<div class=\"elementor-widget-container\">\n\t\t\t\t\t\t\t\t\t\t\t\t\t\t\t<img decoding=\"async\" width=\"1024\" height=\"724\" src=\"https:\/\/www.ckis-ziemowit.pl\/wp-content\/uploads\/2024\/12\/plakat-1024x724.jpg\" class=\"attachment-large size-large wp-image-3727\" alt=\"Centrum Kultury i Sportu \u201eZIEMOWIT\u201d w Kruszwicy realizuje przedsi\u0119wzi\u0119cie \u201eEdukacja z Gryzomirem\u201d. Dofinansowanie z UE: 60.000,00z\u0142\" srcset=\"https:\/\/www.ckis-ziemowit.pl\/wp-content\/uploads\/2024\/12\/plakat-1024x724.jpg 1024w, https:\/\/www.ckis-ziemowit.pl\/wp-content\/uploads\/2024\/12\/plakat-300x212.jpg 300w, https:\/\/www.ckis-ziemowit.pl\/wp-content\/uploads\/2024\/12\/plakat-768x543.jpg 768w, https:\/\/www.ckis-ziemowit.pl\/wp-content\/uploads\/2024\/12\/plakat-1536x1086.jpg 1536w, https:\/\/www.ckis-ziemowit.pl\/wp-content\/uploads\/2024\/12\/plakat-2048x1448.jpg 2048w\" sizes=\"(max-width: 1024px) 100vw, 1024px\" \/>\t\t\t\t\t\t\t\t\t\t\t\t\t\t\t<\/div>\n\t\t\t\t<\/div>\n\t\t\t\t\t<\/div>\n\t\t<\/div>\n\t\t\t\t\t<\/div>\n\t\t<\/section>\n\t\t\t\t<\/div>\n\t\t","protected":false},"excerpt":{"rendered":"<p>Nazwa projektu:\u00a0Edukacja z\u00a0Gryzomirem \u0179r\u00f3d\u0142o finansowania:\u00a0Krajowy Plan Odbudowy i\u00a0Zwi\u0119kszenia Odporno\u015bci Konkurs:\u00a0KPO. GRANTY 2024. A2.5.1: Program wspierania dzia\u0142alno\u015bci podmiot\u00f3w sektora kultury i\u00a0przemys\u0142\u00f3w kreatywnych na\u00a0rzecz stymulowania ich rozwoju. Warto\u015b\u0107 ca\u0142kowita projektu:\u00a087.450,00z\u0142, w\u00a0tym: \u2013 dofinansowanie:\u00a060.000,00z\u0142 \u2013 wk\u0142ad w\u0142asny:\u00a027.450,00z\u0142 Termin realizacji:\u00a0do\u00a031.12.2024r. Zakres projektu:Projekt b\u0119dzie obejmowa\u0142 stworzenie oferty edukacyjnej dla najm\u0142odszych w\u00a0innowacyjnej i\u00a0atrakcyjnej formie. Planuje si\u0119 realizacj\u0119 cyklu dw\u00f3ch film\u00f3w oraz\u00a0publikacj\u0119 [&hellip;]<\/p>\n","protected":false},"author":1,"featured_media":0,"parent":0,"menu_order":0,"comment_status":"closed","ping_status":"closed","template":"","meta":{"footnotes":""},"class_list":["post-3750","page","type-page","status-publish","czr-hentry"],"_links":{"self":[{"href":"https:\/\/www.ckis-ziemowit.pl\/index.php\/wp-json\/wp\/v2\/pages\/3750","targetHints":{"allow":["GET"]}}],"collection":[{"href":"https:\/\/www.ckis-ziemowit.pl\/index.php\/wp-json\/wp\/v2\/pages"}],"about":[{"href":"https:\/\/www.ckis-ziemowit.pl\/index.php\/wp-json\/wp\/v2\/types\/page"}],"author":[{"embeddable":true,"href":"https:\/\/www.ckis-ziemowit.pl\/index.php\/wp-json\/wp\/v2\/users\/1"}],"replies":[{"embeddable":true,"href":"https:\/\/www.ckis-ziemowit.pl\/index.php\/wp-json\/wp\/v2\/comments?post=3750"}],"version-history":[{"count":4,"href":"https:\/\/www.ckis-ziemowit.pl\/index.php\/wp-json\/wp\/v2\/pages\/3750\/revisions"}],"predecessor-version":[{"id":3810,"href":"https:\/\/www.ckis-ziemowit.pl\/index.php\/wp-json\/wp\/v2\/pages\/3750\/revisions\/3810"}],"wp:attachment":[{"href":"https:\/\/www.ckis-ziemowit.pl\/index.php\/wp-json\/wp\/v2\/media?parent=3750"}],"curies":[{"name":"wp","href":"https:\/\/api.w.org\/{rel}","templated":true}]}}