{"id":3997,"date":"2025-05-22T17:00:35","date_gmt":"2025-05-22T15:00:35","guid":{"rendered":"https:\/\/www.ckis-ziemowit.pl\/?page_id=3997"},"modified":"2025-05-22T17:08:54","modified_gmt":"2025-05-22T15:08:54","slug":"i-wojewodzki-konkurs-poetyckidla-dzieci-i-mlodziezy-strofy-znad-gopla","status":"publish","type":"page","link":"https:\/\/www.ckis-ziemowit.pl\/index.php\/i-wojewodzki-konkurs-poetyckidla-dzieci-i-mlodziezy-strofy-znad-gopla\/","title":{"rendered":"I WOJEW\u00d3DZKI KONKURS POETYCKIDLA DZIECI I M\u0141ODZIE\u017bY \u201eSTROFY ZNAD GOP\u0141A\u201d"},"content":{"rendered":"\t\t<div data-elementor-type=\"wp-page\" data-elementor-id=\"3997\" class=\"elementor elementor-3997\">\n\t\t\t\t\t\t<section class=\"elementor-section elementor-top-section elementor-element elementor-element-b039b6c elementor-section-boxed elementor-section-height-default elementor-section-height-default\" data-id=\"b039b6c\" data-element_type=\"section\" data-e-type=\"section\">\n\t\t\t\t\t\t<div class=\"elementor-container elementor-column-gap-default\">\n\t\t\t\t\t<div class=\"elementor-column elementor-col-100 elementor-top-column elementor-element elementor-element-9f86286\" data-id=\"9f86286\" data-element_type=\"column\" data-e-type=\"column\">\n\t\t\t<div class=\"elementor-widget-wrap elementor-element-populated\">\n\t\t\t\t\t\t<div class=\"elementor-element elementor-element-817d845 elementor-widget elementor-widget-image\" data-id=\"817d845\" data-element_type=\"widget\" data-e-type=\"widget\" data-widget_type=\"image.default\">\n\t\t\t\t<div class=\"elementor-widget-container\">\n\t\t\t\t\t\t\t\t\t\t\t\t\t\t\t<img fetchpriority=\"high\" decoding=\"async\" width=\"724\" height=\"1024\" src=\"https:\/\/www.ckis-ziemowit.pl\/wp-content\/uploads\/2025\/05\/strofy-znad-gopla-palakt-or-724x1024.jpg\" class=\"attachment-large size-large wp-image-3984\" alt=\"\" srcset=\"https:\/\/www.ckis-ziemowit.pl\/wp-content\/uploads\/2025\/05\/strofy-znad-gopla-palakt-or-724x1024.jpg 724w, https:\/\/www.ckis-ziemowit.pl\/wp-content\/uploads\/2025\/05\/strofy-znad-gopla-palakt-or-212x300.jpg 212w, https:\/\/www.ckis-ziemowit.pl\/wp-content\/uploads\/2025\/05\/strofy-znad-gopla-palakt-or-768x1086.jpg 768w, https:\/\/www.ckis-ziemowit.pl\/wp-content\/uploads\/2025\/05\/strofy-znad-gopla-palakt-or-1086x1536.jpg 1086w, https:\/\/www.ckis-ziemowit.pl\/wp-content\/uploads\/2025\/05\/strofy-znad-gopla-palakt-or-1448x2048.jpg 1448w, https:\/\/www.ckis-ziemowit.pl\/wp-content\/uploads\/2025\/05\/strofy-znad-gopla-palakt-or.jpg 1587w\" sizes=\"(max-width: 724px) 100vw, 724px\" \/>\t\t\t\t\t\t\t\t\t\t\t\t\t\t\t<\/div>\n\t\t\t\t<\/div>\n\t\t\t\t<div class=\"elementor-element elementor-element-559558d elementor-widget elementor-widget-text-editor\" data-id=\"559558d\" data-element_type=\"widget\" data-e-type=\"widget\" data-widget_type=\"text-editor.default\">\n\t\t\t\t<div class=\"elementor-widget-container\">\n\t\t\t\t\t\t\t\t\t<h5 style=\"text-align: center;\"><strong>I WOJEW\u00d3DZKI KONKURS POETYCKI<\/strong><br \/><strong>DLA DZIECI I M\u0141ODZIE\u017bY \u201eSTROFY ZNAD GOP\u0141A\u201d<\/strong><br \/><strong>ORGANIZOWANY W RAMACH<\/strong><br \/><strong>XXXIV OG\u00d3LNOPOLSKICH LITERACKICH SPOTKA\u0143 POKOLE\u0143<\/strong><br \/><strong>KRUSZWICA\u2013KOBYLNIKI 2025<\/strong><\/h5><p style=\"text-align: center;\"><a href=\"https:\/\/www.ckis-ziemowit.pl\/wp-content\/uploads\/2025\/05\/regulamin-i-wojewodzkiego-konkurs-poetyckiego-dla-dzieci-i-mlodziezy-strofy-znad-gopla.pdf\">REGULAMIN KONKURSU<\/a><\/p>\t\t\t\t\t\t\t\t<\/div>\n\t\t\t\t<\/div>\n\t\t\t\t\t<\/div>\n\t\t<\/div>\n\t\t\t\t\t<\/div>\n\t\t<\/section>\n\t\t\t\t<section class=\"elementor-section elementor-top-section elementor-element elementor-element-e1f3b2d elementor-section-boxed elementor-section-height-default elementor-section-height-default\" data-id=\"e1f3b2d\" data-element_type=\"section\" data-e-type=\"section\">\n\t\t\t\t\t\t<div class=\"elementor-container elementor-column-gap-default\">\n\t\t\t\t\t<div class=\"elementor-column elementor-col-100 elementor-top-column elementor-element elementor-element-cb9ffcc\" data-id=\"cb9ffcc\" data-element_type=\"column\" data-e-type=\"column\">\n\t\t\t<div class=\"elementor-widget-wrap elementor-element-populated\">\n\t\t\t\t\t\t\t<\/div>\n\t\t<\/div>\n\t\t\t\t\t<\/div>\n\t\t<\/section>\n\t\t\t\t<section class=\"elementor-section elementor-top-section elementor-element elementor-element-be9ff76 elementor-section-boxed elementor-section-height-default elementor-section-height-default\" data-id=\"be9ff76\" data-element_type=\"section\" data-e-type=\"section\">\n\t\t\t\t\t\t<div class=\"elementor-container elementor-column-gap-default\">\n\t\t\t\t\t<div class=\"elementor-column elementor-col-100 elementor-top-column elementor-element elementor-element-269a3e8\" data-id=\"269a3e8\" data-element_type=\"column\" data-e-type=\"column\">\n\t\t\t<div class=\"elementor-widget-wrap\">\n\t\t\t\t\t\t\t<\/div>\n\t\t<\/div>\n\t\t\t\t\t<\/div>\n\t\t<\/section>\n\t\t\t\t<\/div>\n\t\t","protected":false},"excerpt":{"rendered":"<p>I WOJEW\u00d3DZKI KONKURS POETYCKIDLA DZIECI I M\u0141ODZIE\u017bY \u201eSTROFY ZNAD GOP\u0141A\u201dORGANIZOWANY W RAMACHXXXIV OG\u00d3LNOPOLSKICH LITERACKICH SPOTKA\u0143 POKOLE\u0143KRUSZWICA\u2013KOBYLNIKI 2025 REGULAMIN KONKURSU<\/p>\n","protected":false},"author":1,"featured_media":0,"parent":0,"menu_order":0,"comment_status":"closed","ping_status":"closed","template":"","meta":{"footnotes":""},"class_list":["post-3997","page","type-page","status-publish","czr-hentry"],"_links":{"self":[{"href":"https:\/\/www.ckis-ziemowit.pl\/index.php\/wp-json\/wp\/v2\/pages\/3997","targetHints":{"allow":["GET"]}}],"collection":[{"href":"https:\/\/www.ckis-ziemowit.pl\/index.php\/wp-json\/wp\/v2\/pages"}],"about":[{"href":"https:\/\/www.ckis-ziemowit.pl\/index.php\/wp-json\/wp\/v2\/types\/page"}],"author":[{"embeddable":true,"href":"https:\/\/www.ckis-ziemowit.pl\/index.php\/wp-json\/wp\/v2\/users\/1"}],"replies":[{"embeddable":true,"href":"https:\/\/www.ckis-ziemowit.pl\/index.php\/wp-json\/wp\/v2\/comments?post=3997"}],"version-history":[{"count":16,"href":"https:\/\/www.ckis-ziemowit.pl\/index.php\/wp-json\/wp\/v2\/pages\/3997\/revisions"}],"predecessor-version":[{"id":4014,"href":"https:\/\/www.ckis-ziemowit.pl\/index.php\/wp-json\/wp\/v2\/pages\/3997\/revisions\/4014"}],"wp:attachment":[{"href":"https:\/\/www.ckis-ziemowit.pl\/index.php\/wp-json\/wp\/v2\/media?parent=3997"}],"curies":[{"name":"wp","href":"https:\/\/api.w.org\/{rel}","templated":true}]}}