{"id":80,"date":"2018-06-26T22:13:20","date_gmt":"2018-06-26T20:13:20","guid":{"rendered":"http:\/\/www.ckis-ziemowit.pl\/?page_id=80"},"modified":"2024-12-17T15:37:17","modified_gmt":"2024-12-17T14:37:17","slug":"zajecia-taneczne","status":"publish","type":"page","link":"https:\/\/www.ckis-ziemowit.pl\/index.php\/zajecia-taneczne\/","title":{"rendered":"ZAJ\u0118CIA TANECZNE"},"content":{"rendered":"\t\t<div data-elementor-type=\"wp-page\" data-elementor-id=\"80\" class=\"elementor elementor-80\">\n\t\t\t\t\t\t<section class=\"elementor-section elementor-top-section elementor-element elementor-element-49c75af elementor-section-boxed elementor-section-height-default elementor-section-height-default\" data-id=\"49c75af\" data-element_type=\"section\" data-e-type=\"section\">\n\t\t\t\t\t\t<div class=\"elementor-container elementor-column-gap-default\">\n\t\t\t\t\t<div class=\"elementor-column elementor-col-100 elementor-top-column elementor-element elementor-element-2a5658f\" data-id=\"2a5658f\" data-element_type=\"column\" data-e-type=\"column\">\n\t\t\t<div class=\"elementor-widget-wrap elementor-element-populated\">\n\t\t\t\t\t\t<div class=\"elementor-element elementor-element-01e0b96 elementor-widget elementor-widget-text-editor\" data-id=\"01e0b96\" data-element_type=\"widget\" data-e-type=\"widget\" data-widget_type=\"text-editor.default\">\n\t\t\t\t<div class=\"elementor-widget-container\">\n\t\t\t\t\t\t\t\t\t<p class=\"Standard\" style=\"text-align: center;\"><span style=\"font-size: 18pt;\">Zaj\u0119cia taneczne to kszta\u0142towanie oraz rozwijanie umiej\u0119tno\u015bci taneczno- ruchowych , a tak\u017ce propagowanie zdrowego, aktywnego stylu \u017cycia. Uczestnicy ucz\u0105 si\u0119 systematycznej pracy w zespole, budowania zaufania oraz kreatywno\u015bci w dzia\u0142aniu.<\/span><\/p>\t\t\t\t\t\t\t\t<\/div>\n\t\t\t\t<\/div>\n\t\t\t\t\t<\/div>\n\t\t<\/div>\n\t\t\t\t\t<\/div>\n\t\t<\/section>\n\t\t\t\t<section class=\"elementor-section elementor-top-section elementor-element elementor-element-9985aea elementor-section-boxed elementor-section-height-default elementor-section-height-default\" data-id=\"9985aea\" data-element_type=\"section\" data-e-type=\"section\">\n\t\t\t\t\t\t<div class=\"elementor-container elementor-column-gap-default\">\n\t\t\t\t\t<div class=\"elementor-column elementor-col-100 elementor-top-column elementor-element elementor-element-de6b76e\" data-id=\"de6b76e\" data-element_type=\"column\" data-e-type=\"column\">\n\t\t\t<div class=\"elementor-widget-wrap elementor-element-populated\">\n\t\t\t\t\t\t<div class=\"elementor-element elementor-element-c7e2041 elementor-widget elementor-widget-text-editor\" data-id=\"c7e2041\" data-element_type=\"widget\" data-e-type=\"widget\" data-widget_type=\"text-editor.default\">\n\t\t\t\t<div class=\"elementor-widget-container\">\n\t\t\t\t\t\t\t\t\t<p class=\"Standard\" style=\"text-align: center;\"><strong><span style=\"font-size: 18pt;\">Instruktor: <br \/><span style=\"font-size: 24pt; color: #ff6600;\">Patrycja Januszek<br \/><\/span><\/span><\/strong><\/p>\t\t\t\t\t\t\t\t<\/div>\n\t\t\t\t<\/div>\n\t\t\t\t\t<\/div>\n\t\t<\/div>\n\t\t\t\t\t<\/div>\n\t\t<\/section>\n\t\t\t\t<section class=\"elementor-section elementor-top-section elementor-element elementor-element-5b0f689 elementor-section-boxed elementor-section-height-default elementor-section-height-default\" data-id=\"5b0f689\" data-element_type=\"section\" data-e-type=\"section\">\n\t\t\t\t\t\t<div class=\"elementor-container elementor-column-gap-default\">\n\t\t\t\t\t<div class=\"elementor-column elementor-col-100 elementor-top-column elementor-element elementor-element-6b46b8f\" data-id=\"6b46b8f\" data-element_type=\"column\" data-e-type=\"column\">\n\t\t\t<div class=\"elementor-widget-wrap elementor-element-populated\">\n\t\t\t\t\t\t<div class=\"elementor-element elementor-element-5b4c6f1 elementor-widget elementor-widget-text-editor\" data-id=\"5b4c6f1\" data-element_type=\"widget\" data-e-type=\"widget\" data-widget_type=\"text-editor.default\">\n\t\t\t\t<div class=\"elementor-widget-container\">\n\t\t\t\t\t\t\t\t\t<p class=\"Standard\" style=\"text-align: center;\"><span style=\"font-size: 18pt;\">Zaj\u0119cia odbywaj\u0105 si\u0119 w Klubie \u201ePopiel\u201d przy ul. Kujawskiej 12 w Kruszwicy<\/span><\/p><p class=\"Standard\" style=\"text-align: center;\"><span style=\"font-size: 18pt;\"><strong>Poniedzia\u0142ki: <span style=\"color: #ff6600;\">15:30-16:30<\/span><\/strong><\/span><\/p>\t\t\t\t\t\t\t\t<\/div>\n\t\t\t\t<\/div>\n\t\t\t\t\t<\/div>\n\t\t<\/div>\n\t\t\t\t\t<\/div>\n\t\t<\/section>\n\t\t\t\t<section class=\"elementor-section elementor-top-section elementor-element elementor-element-6689c2f elementor-section-boxed elementor-section-height-default elementor-section-height-default\" data-id=\"6689c2f\" data-element_type=\"section\" data-e-type=\"section\">\n\t\t\t\t\t\t<div class=\"elementor-container elementor-column-gap-default\">\n\t\t\t\t\t<div class=\"elementor-column elementor-col-25 elementor-top-column elementor-element elementor-element-c165bff\" data-id=\"c165bff\" data-element_type=\"column\" data-e-type=\"column\">\n\t\t\t<div class=\"elementor-widget-wrap\">\n\t\t\t\t\t\t\t<\/div>\n\t\t<\/div>\n\t\t\t\t<div class=\"elementor-column elementor-col-50 elementor-top-column elementor-element elementor-element-24ff1c8\" data-id=\"24ff1c8\" data-element_type=\"column\" data-e-type=\"column\">\n\t\t\t<div class=\"elementor-widget-wrap elementor-element-populated\">\n\t\t\t\t\t\t<div class=\"elementor-element elementor-element-7a16d87 elementor-widget elementor-widget-video\" data-id=\"7a16d87\" data-element_type=\"widget\" data-e-type=\"widget\" data-settings=\"{&quot;video_type&quot;:&quot;hosted&quot;,&quot;autoplay&quot;:&quot;yes&quot;,&quot;play_on_mobile&quot;:&quot;yes&quot;,&quot;loop&quot;:&quot;yes&quot;,&quot;controls&quot;:&quot;yes&quot;}\" data-widget_type=\"video.default\">\n\t\t\t\t<div class=\"elementor-widget-container\">\n\t\t\t\t\t\t\t<div class=\"e-hosted-video elementor-wrapper elementor-open-inline\">\n\t\t\t\t\t<video class=\"elementor-video\" src=\"http:\/\/www.ckis-ziemowit.pl\/wp-content\/uploads\/2023\/02\/vid-20230120-wa0000.mp4\" autoplay=\"\" loop=\"\" controls=\"\" playsinline=\"\" controlsList=\"nodownload\"><\/video>\n\t\t\t\t<\/div>\n\t\t\t\t\t\t<\/div>\n\t\t\t\t<\/div>\n\t\t\t\t\t<\/div>\n\t\t<\/div>\n\t\t\t\t<div class=\"elementor-column elementor-col-25 elementor-top-column elementor-element elementor-element-75e9f2e\" data-id=\"75e9f2e\" data-element_type=\"column\" data-e-type=\"column\">\n\t\t\t<div class=\"elementor-widget-wrap\">\n\t\t\t\t\t\t\t<\/div>\n\t\t<\/div>\n\t\t\t\t\t<\/div>\n\t\t<\/section>\n\t\t\t\t<\/div>\n\t\t","protected":false},"excerpt":{"rendered":"<p>Zaj\u0119cia taneczne to kszta\u0142towanie oraz rozwijanie umiej\u0119tno\u015bci taneczno- ruchowych , a tak\u017ce propagowanie zdrowego, aktywnego stylu \u017cycia. Uczestnicy ucz\u0105 si\u0119 systematycznej pracy w zespole, budowania zaufania oraz kreatywno\u015bci w dzia\u0142aniu. Instruktor: Patrycja Januszek Zaj\u0119cia odbywaj\u0105 si\u0119 w Klubie \u201ePopiel\u201d przy ul. Kujawskiej 12 w Kruszwicy Poniedzia\u0142ki: 15:30-16:30 http:\/\/www.ckis-ziemowit.pl\/wp-content\/uploads\/2023\/02\/vid-20230120-wa0000.mp4<\/p>\n","protected":false},"author":1,"featured_media":0,"parent":0,"menu_order":0,"comment_status":"closed","ping_status":"closed","template":"","meta":{"footnotes":""},"class_list":["post-80","page","type-page","status-publish","czr-hentry"],"_links":{"self":[{"href":"https:\/\/www.ckis-ziemowit.pl\/index.php\/wp-json\/wp\/v2\/pages\/80","targetHints":{"allow":["GET"]}}],"collection":[{"href":"https:\/\/www.ckis-ziemowit.pl\/index.php\/wp-json\/wp\/v2\/pages"}],"about":[{"href":"https:\/\/www.ckis-ziemowit.pl\/index.php\/wp-json\/wp\/v2\/types\/page"}],"author":[{"embeddable":true,"href":"https:\/\/www.ckis-ziemowit.pl\/index.php\/wp-json\/wp\/v2\/users\/1"}],"replies":[{"embeddable":true,"href":"https:\/\/www.ckis-ziemowit.pl\/index.php\/wp-json\/wp\/v2\/comments?post=80"}],"version-history":[{"count":40,"href":"https:\/\/www.ckis-ziemowit.pl\/index.php\/wp-json\/wp\/v2\/pages\/80\/revisions"}],"predecessor-version":[{"id":3743,"href":"https:\/\/www.ckis-ziemowit.pl\/index.php\/wp-json\/wp\/v2\/pages\/80\/revisions\/3743"}],"wp:attachment":[{"href":"https:\/\/www.ckis-ziemowit.pl\/index.php\/wp-json\/wp\/v2\/media?parent=80"}],"curies":[{"name":"wp","href":"https:\/\/api.w.org\/{rel}","templated":true}]}}